(v) = 4*v + 3. What is a(t)?
-5
Let q = -3 - -5. Let p(n) = 2*n**3 + 9*n**2 - n - 4. Let w(k) = -k**3 - 4*k**2 + 2. Let u(a) = q*p(a) + 5*w(a). Give u(-2).
6
Suppose -2*w - d = -5*d, 0 = 3*w - 5*d. Suppose 0 = 4*j - w + 4, -k + 4*j = -9. Let x(g) = -45 + 11 - 2*g + 16 + 20. Calculate x(k).
-8
Let t(k) = 40*k - 13*k - 12*k - 16*k + 1. Give t(-1).
2
Let c(p) be the second derivative of -p**4/6 + p**3/3 - p**2/2 + 6*p. Let d(g) = g**3 + 3*g**2 - 4*g + 2. Let k be d(-4). Let i = k + 0. Calculate c(i).
-5
Let s(w) = w**3 + 2*w**2 - 3*w + 4. Let r be s(-3). Let g(p) be the second derivative of -p**3/6 + p**2 - 3*p. Determine g(r).
-2
Suppose m + 0*m - 2 = 0. Let w(a) = 3 - m - a + 7. Let t(j) = -7*j - 21. Let f be t(-3). Give w(f).
8
Let x(l) be the first derivative of -l**3/3 - l**2/2 - l - 10. Let j = 0 + -1. What is x(j)?
-1
Let f(n) = 9*n**3 - n**2 + n. Suppose -w = -x, 0 = -2*x - 4*w - 0*w. Let m be (-1)/3*-3 + x. Determine f(m).
9
Suppose -16*a - 15 = -13*a. Let o(i) = 2*i + 5. Determine o(a).
-5
Let k(f) = f**2. Let j be k(2). Suppose 5*p + 24 = j. Let u be (6/p)/(15/(-10)). Let v(l) = 6*l**2 - 1. Give v(u).
5
Let c(z) = z**2 - 3*z + 3. Let j be 0 - -1*(9 + -3). Let v be (-3)/j*6*-1. What is c(v)?
3
Let g be (-1 + 0)/(1/2). Let f(a) be the second derivative of -a**7/840 - a**6/360 + a**3/6 - a. Let v(q) be the second derivative of f(q). Give v(g).
4
Let g(c) = 2*c**3 - 6*c + 4. Let q(d) be the first derivative of 5*d**4/4 + d**3/3 - 13*d**2/2 + 9*d + 4. Let o(k) = -9*g(k) + 4*q(k). Give o(-2).
-4
Let z be (-19 + 8)*(-2)/(-2) + 4. Let n(x) = x**2 + 6*x - 8. Calculate n(z).
-1
Suppose h - 5 = -3*i + 4, h + i = 7. Let w(l) = l - 6 + 4 - 1. Determine w(h).
3
Let j(x) = 29*x - 4 - 61*x + 31*x + 3. Suppose 4*k - 2 - 4 = -3*o, k + 4*o = -5. Calculate j(k).
-4
Suppose -2*y = -0*y - 10. Let h(w) = 4*w**3 + 3*w**2 - w - 11. Let m(i) = -5*i**3 - 3*i**2 + 2*i + 12. Let d(b) = y*m(b) + 6*h(b). Give d(4).
-6
Let s(t) be the third derivative of t**6/120 + t**5/10 - t**4/24 - 5*t**3/6 + 24*t**2. Give s(-6).
1
Let m(p) = -2*p**2 - p. Suppose 0 = 5*x + g - 35, -5*x - g + 55 = -4*g. Suppose -7*f + 2*f = -4*h + 17, -2*h = -2*f - x. Determine m(f).
-1
Let u(q) = -10*q**2 + 9*q**2 - 4*q - 6 + 2. Calculate u(-3).
-1
Let b(p) be the first derivative of p**4/4 - 10*p**3/3 + p**2/2 - 4*p - 3. Let a(i) = -3*i**3 + 29*i**2 - 4*i + 12. Let x(t) = -4*a(t) - 11*b(t). Give x(5).
-4
Suppose 4*g + 32 = -4*c, 2*g + 0*c - 9 = 3*c. Let m(l) = 2*l**3 + 0*l + 0*l**3 - 1 + 2*l + 5*l**2 + 0*l**3. Determine m(g).
-16
Let l(c) = -c**2 - 7*c - 1. Let v be l(-1). Let y(f) = -7 + f + 0*f + 3*f. Calculate y(v).
13
Suppose -11 = -2*l + a, -2*l + 5 = -2*a - 5. Let p(h) = h**3 - 7*h**2 + 7*h - 9. Give p(l).
-3
Let q(u) be the second derivative of -u**3 - u**2/2 + 53*u. Calculate q(3).
-19
Let k be (-88)/(-16) - 1/(-2). Let o(r) = -8 + r + 3 + 7. What is o(k)?
8
Let s(k) = 5*k**2 - 3*k + 5. Let f be (-2*1 - -3)*6. Let w(m) = -4*m**2 + 3*m - 4. Let r(n) = f*w(n) + 5*s(n). Determine r(-4).
5
Let b = 25 + -16. Suppose -b*u = -7*u. Suppose u = -5*a - 7 - 3. Let f(g) = -3*g**2 - g + 2. Calculate f(a).
-8
Let a(x) = 5*x + 4. Let y(k) = -k - 1. Let s(l) = -a(l) - 6*y(l). Suppose 0*g + g - 17 = 4*v, 2*g - 14 = -2*v. Let o = g + -5. Determine s(o).
6
Let q(o) = o**3 + 4*o**2 + 2*o + 3. Suppose r - 9 = -4. Suppose f - r*p - 22 = 0, 5*f = -p - 20 - 0. Give q(f).
6
Let x(d) = -d**3 - d**2 + 6*d + 7. Let b be x(-3). Let t(k) = k**3 - 6*k**2 - 9*k + 8. Determine t(b).
-6
Let t be (-2)/6 + 23/(-3). Let u be 34/8 + 2/t. Let s(c) = c**3 - 5*c**2 + 3*c + 1. What is s(u)?
-3
Let b(s) = -3*s. Let u(a) = 3*a - 37. Let x be u(12). Give b(x).
3
Let i(j) = -11*j**2 + 21*j - 25. Let n(p) = 5*p**2 - 10*p + 12. Let o(d) = -6*i(d) - 13*n(d). Calculate o(-6).
6
Let g(u) be the first derivative of 2*u**2 - 7 + 1/3*u**3 - 7*u. Determine g(-6).
5
Let k(u) = 3*u**2 - 32*u - 12. Let d be k(11). Let s(x) = 4*x - 1. Calculate s(d).
-5
Suppose h = -i + 17, 2*i = 5*h + 3*i - 69. Let q(j) = j**3 - 12*j**2 - 13*j. What is q(h)?
0
Suppose -p = 3*p + 8. Let h(d) = d**2 - d + 2. Let x(u) = 4*u**2 - 3*u + 6. Let c(k) = p*x(k) + 7*h(k). What is c(2)?
-4
Suppose -35 = 3*u - 8*u. Let o(a) be the first derivative of u*a + 1/2*a**2 - 3. Give o(0).
7
Let z(o) be the second derivative of o**3/6 - o**2 + 2*o. Let x be (-1 - 3) + 2 - -4. Suppose -x*u - 3 = -13. What is z(u)?
3
Let a be ((-132)/18 - -6)*18/(-4). Let m(o) be the first derivative of o**4/4 - 7*o**3/3 + 3*o**2 + o - 1. Determine m(a).
1
Let h(i) = 0*i + 0*i**2 + 4*i**3 + i**2 - 3*i**3 + 2 - i. Calculate h(0).
2
Let x(d) = 5 + 0*d + 0*d + 2*d - d**2 - 4*d. What is x(4)?
-19
Let h(p) = -p**3 - 5*p**2 - 4*p - 5. Let b(f) = f**2 - 8*f + 3. Let q be b(7). Give h(q).
-5
Let y(a) be the first derivative of a**2/2 - 3*a + 6. Determine y(0).
-3
Let m(w) = w**2 - 1. Let b(i) = 3*i**2 + 6*i - 6. Let g(n) = -b(n) + 2*m(n). Give g(-7).
-3
Let y(q) = -q**3 - 6*q**2 - 3*q + 6. Let b(t) = -t**2 + 5*t + 9. Let i = 0 + 7. Let n be b(i). Give y(n).
-4
Let k(s) = 4*s - 2*s - 5*s**2 - 4 + s**3 + 0*s. Let w = -6 - -11. Suppose -w*c - 4 + 29 = 0. Determine k(c).
6
Let z(d) = d**2 + 3*d + 2. Let s be z(-3). Suppose -9 = -s*x - f, 3*x + 3 = -5*f + 6. Let o be ((-3)/x)/((-2)/8). Let m(c) = c**2 + 3*c - 2. What is m(o)?
8
Let o(p) be the first derivative of -4*p**2 - 4. Let k(l) = -25*l - 1. Let q(s) = -2*k(s) + 7*o(s). Determine q(3).
-16
Let v = -1/2 + 5/6. Let u(j) be the first derivative of -2*j - 2 - j**2 + v*j**3. Calculate u(4).
6
Let l(j) = j + 4 + j**2 - 7 - 17. Calculate l(0).
-20
Let o be (-2)/(-8) + (-8)/32. Let d(y) = y**3 - y. Give d(o).
0
Let i = -107/6 + 18. Let t(a) be the second derivative of 2*a + 0 + a**2 + i*a**3. Calculate t(4).
6
Suppose 11 - 7 = 2*q. Let c(s) = 2*s + s + 0*s - q*s + 16. Give c(0).
16
Let w(k) = -k**3 - 5*k**2 - 5*k - 3. Suppose 4*y - 13 = 4*g - 5, g = 2*y. Calculate w(g).
1
Suppose -d + 5*t = -3*d - 14, -4*t = 2*d + 10. Let x(o) = 3*o**2 + 4*o. Let h(y) = 7*y**2 + 8*y. Let l(r) = -4*h(r) + 9*x(r). Determine l(d).
3
Let x(c) = -4*c**2 + 2*c + 2. Suppose 0 = 5*v, -4*y + 4 = -2*v - 4. Give x(y).
-10
Let c(o) be the third derivative of -o**4/24 - o**3/6 + o**2. Let x(y) = 13*y + 48. Let u be x(-4). Let g be c(u). Let d(z) = -z**2 - 1. Give d(g).
-10
Suppose -5*r + 2 = -q + 7, 2*q = 5*r. Let s(a) = 2*a**2 + 2*a. Give s(r).
4
Suppose 0 = -4*o + 4*b + 4, 2*b = -5*o - b + 5. Let a be (-3)/9*(-2 - o). Let z(t) = 7*t + 1. Determine z(a).
8
Let q(g) be the first derivative of g**2/2 - 5*g + 55. Suppose 2*f - 6*f - 5*y = -10, -4*f + 5*y - 10 = 0. Calculate q(f).
-5
Let l(h) = h**2 + 7. Let f be 7 - (-1 + 0 - -1). Let w = f + -7. Give l(w).
7
Let x(d) = 3*d - 4. Suppose -5*q = 3*w + 9, -5*w - 9 = 4*q + 6. Let h be x(w). Let c = h - -8. Let g(t) = -t**3 - 6*t**2 - 5*t - 7. Give g(c).
-7
Let a be (-9)/2 - (-1)/2. Let d(b) be the third derivative of 1/2*b**3 - 4*b**2 + 1/8*b**4 + 0*b + 0. Give d(a).
-9
Let f(q) be the second derivative of q**3/6 + 7*q**2/2 + q. Suppose 0 = 4*a + 5*w + 20, 5*w + 6 = -5*a - 14. Determine f(a).
7
Let y(r) = 1 + 6*r + 0 + 2 - 2. Give y(1).
7
Let p(i) = -i**2 + i + 1. Let v be (-1)/(4/(-3) + 1). Give p(v).
-5
Let w(t) = -t**3 - 4*t**2 + 7*t + 5. Let c be w(-5). Let z(x) = 1 - 3*x + 3 + 10*x + x**2 - 1. Calculate z(c).
-7
Let m(s) be the first derivative of 2*s**3/3 - 3*s**2/2 - 4*s - 54. What is m(3)?
5
Let k(y) = y - 5. Let g(h) = -1. Let b(f) = 2*g(f) - k(f). Let m(p) = p**2 + 4*p + 1. Let u be m(-4). Let z = -2 - u. Calculate b(z).
6
Let x(y) = y**3 - 5*y**2 + 6*y - 2. Suppose -5*b - k + 1 = 0, -b + 2*k + 11 - 2 = 0. Let z = b - -1. Suppose -z + 6 = h. Determine x(h).
6
Let j(c) be the first derivative of -3/2*c**2 + 0*c + 2 + 4/3*c**3 - 1/4*c**4. Let a(h) = h**2 + 5*h - 3. Let x be a(-6). Determine j(x).
0
Let j(u) = -u**2 - 7*u - 2. Let p be (-4)/10 + (-156)/60. Calculate j(p).
10
Let g = 8 - 0. Suppose -3*i = -g*i - 3*q + 8, 16 = -4*q. Suppose 40 = 4*j + i*b, 4*j - 36 = -0*j - 3*b. Let x(c) = c**3 - 7*c**2 + 4*c + 5. Give x(j).
-7
Let a = 71 + -72. Let w(q) = -4*q**3 + 2*q**2 - 1. Determine w(a).
5
Suppose -3*u - 2*x + 12 + 7 = 0, 4*x = -3*u + 29. Let a(k) = k**2 - 5 + 1 - u. Give a(0).
-7
Suppose 2 = g + g + l, 4*l + 3 = 3*g. Let i = 46 + 4. L